hat is the hundreds digit of 14500?
5
What is the units digit of 2059?
9
What is the hundreds digit of 271?
2
What is the hundreds digit of 1866?
8
What is the hundreds digit of 990?
9
What is the thousands digit of 3852?
3
What is the thousands digit of 136380?
6
What is the units digit of 772?
2
What is the hundreds digit of 12396?
3
What is the units digit of 9090?
0
What is the thousands digit of 3390?
3
What is the units digit of 542?
2
What is the hundred thousands digit of 102684?
1
What is the hundreds digit of 13914?
9
What is the hundreds digit of 1446?
4
What is the hundreds digit of 3661?
6
What is the hundreds digit of 24834?
8
What is the thousands digit of 76229?
6
What is the units digit of 2120?
0
What is the units digit of 418?
8
What is the units digit of 2266?
6
What is the units digit of 348?
8
What is the hundreds digit of 3560?
5
What is the thousands digit of 1000?
1
What is the hundreds digit of 7670?
6
What is the hundreds digit of 3467?
4
What is the thousands digit of 1600?
1
What is the units digit of 6764?
4
What is the hundreds digit of 135?
1
What is the units digit of 18204?
4
What is the thousands digit of 1127?
1
What is the hundreds digit of 1770?
7
What is the tens digit of 8867?
6
What is the units digit of 24568?
8
What is the tens digit of 91087?
8
What is the tens digit of 44891?
9
What is the ten thousands digit of 112728?
1
What is the units digit of 26777?
7
What is the tens digit of 939?
3
What is the hundreds digit of 10849?
8
What is the thousands digit of 5296?
5
What is the hundreds digit of 7158?
1
What is the tens digit of 4773?
7
What is the units digit of 101013?
3
What is the hundreds digit of 2806?
8
What is the ten thousands digit of 37523?
3
What is the hundreds digit of 202?
2
What is the thousands digit of 4015?
4
What is the hundreds digit of 17021?
0
What is the thousands digit of 5372?
5
What is the hundreds digit of 1954?
9
What is the tens digit of 6464?
6
What is the units digit of 44293?
3
What is the hundreds digit of 866?
8
What is the units digit of 59054?
4
What is the units digit of 1687?
7
What is the tens digit of 48063?
6
What is the units digit of 42432?
2
What is the units digit of 8346?
6
What is the hundreds digit of 1677?
6
What is the thousands digit of 10224?
0
What is the tens digit of 991?
9
What is the tens digit of 595?
9
What is the units digit of 116015?
5
What is the hundreds digit of 1468?
4
What is the tens digit of 82963?
6
What is the units digit of 8535?
5
What is the units digit of 147?
7
What is the ten thousands digit of 118159?
1
What is the tens digit of 9402?
0
What is the units digit of 35759?
9
What is the hundreds digit of 31585?
5
What is the tens digit of 893?
9
What is the units digit of 9462?
2
What is the units digit of 27638?
8
What is the tens digit of 254?
5
What is the hundreds digit of 1024?
0
What is the units digit of 4189?
9
What is the ten thousands digit of 29966?
2
What is the ten thousands digit of 11573?
1
What is the hundreds digit of 21233?
2
What is the units digit of 6249?
9
What is the thousands digit of 2221?
2
What is the units digit of 77260?
0
What is the hundreds digit of 60650?
6
What is the tens digit of 2921?
2
What is the units digit of 197?
7
What is the hundreds digit of 4603?
6
What is the hundreds digit of 14901?
9
What is the ten thousands digit of 34582?
3
What is the units digit of 5641?
1
What is the units digit of 1227?
7
What is the thousands digit of 23720?
3
What is the units digit of 369?
9
What is the hundreds digit of 750?
7
What is the tens digit of 9655?
5
What is the thousands digit of 55748?
5
What is the hundreds digit of 315?
3
What is the hundreds digit of 4110?
1
What is the hundreds digit of 21933?
9
What is the tens digit of 76257?
5
What is the hundreds digit of 342?
3
What is the tens digit of 3269?
6
What is the thousands digit of 18645?
8
What is the units digit of 8407?
7
What is the hundreds digit of 2601?
6
What is the tens digit of 6598?
9
What is the hundreds digit of 1001?
0
What is the thousands digit of 12491?
2
What is the hundreds digit of 399?
3
What is the hundreds digit of 3901?
9
What is the thousands digit of 2263?
2
What is the tens digit of 152?
5
What is the tens digit of 819?
1
What is the hundreds digit of 3453?
4
What is the units digit of 48?
8
What is the units digit of 54095?
5
What is the units digit of 14388?
8
What is the units digit of 4221?
1
What is the units digit of 21007?
7
What is the units digit of 654?
4
What is the ten thousands digit of 45337?
4
What is the units digit of 638?
8
What is the tens digit of 427?
2
What is the hundreds digit of 649?
6
What is the units digit of 9859?
9
What is the tens digit of 746?
4
What is the units digit of 707?
7
What is the units digit of 75?
5
What is the hundreds digit of 983?
9
What is the units digit of 64?
4
What is the hundreds digit of 10145?
1
What is the ten thousands digit of 150664?
5
What is the tens digit of 192?
9
What is the units digit of 8226?
6
What is the tens digit of 274?
7
What is the ten thousands digit of 105107?
0
What is the hundreds digit of 82327?
3
What is the hundreds digit of 6568?
5
What is the tens digit of 2520?
2
What is the tens digit of 427?
2
What is the thousands digit of 9141?
9
What is the hundreds digit of 108?
1
What is the thousands digit of 1183?
1
What is the tens digit of 1273?
7
What is the hundreds digit of 99346?
3
What is the hundreds digit of 416?
4
What is the tens digit of 621?
2
What is the units digit of 22103?
3
What is the units digit of 398?
8
What is the units digit of 485?
5
What is the tens digit of 1070?
7
What is the tens digit of 19116?
1
What is the hundreds digit of 1710?
7
What is the units digit of 5413?
3
What is the thousands digit of 3336?
3
What is the units digit of 14670?
0
What is the tens digit of 2864?
6
What is the tens digit of 6026?
2
What is the thousands digit of 41169?
1
What is the units digit of 269?
9
What is the units digit of 2854?
4
What is the thousands digit of 2741?
2
What is the hundreds digit of 157097?
0
What is the units digit of 1280?
0
What is the tens digit of 2759?
5
What is the hundreds digit of 552?
5
What is the units digit of 7597?
7
What is the ten thousands digit of 16650?
1
What is the units digit of 11813?
3
What is the thousands digit of 15618?
5
What is the units digit of 234?
4
What is the tens digit of 65347?
4
What is the units digit of 19070?
0
What is the hundreds digit of 800?
8
What is the units digit of 29847?
7
What is the thousands digit of 8855?
8
What is the hundreds digit of 11018?
0
What is the thousands digit of 2694?
2
What is the hundreds digit of 41305?
3
What is the units digit of 13327?
7
What is the hundreds digit of 4337?
3
What is the units digit of 1736?
6
What is the ten thousands digit of 28873?
2
What is the hundreds digit of 1595?
5
What is the hundreds digit of 1096?
0
What is the hundreds digit of 1564?
5
What is the hundreds digit of 642?
6
What is the tens digit of 1987?
8
What is the thousands digit of 1085?
1
What is the units digit of 20860?
0
What is the units digit of 930?
0
What is the units digit of 5621?
1
What is the hundreds digit of 730?
7
What is the hundreds digit of 72094?
0
What is the ten thousands digit of 47545?
4
What is the ten thousands digit of 11564?
1
What is the hundreds digit of 1100?
1
What is the hundreds digit of 4899?
8
What is the thousands digit of 2937?
2
What is the ten thousands digit of 13020?
1
What is the hundreds digit of 1592?
5
What is the tens digit of 6280?
8
What is the units digit of 3630?
0
What is the tens digit of 1492?
9
What is the hundreds digit of 2731?
7
What is the units digit of 25234?
4
What is the tens digit of 1737?
3
What is the tens digit of 10815?
1
What is the hundreds digit of 637?
6
What is the tens digit of 1281?
8
What is the hundreds digit of 1477?
4
What is the ten thousands digit of 17399?
1
What is the thousands digit of 11048?
1
What is the hundreds digit of 19521?
5
What is the thousands digit of 15107?
5
What is the hundreds digit of 1672?
6
What is the thousands digit of 8922?
8
What is the ten thousands digit of 13136?
1
What is the units digit of 1849?
9
What is the units digit of 10614?
4
W